s the greatest common divisor of 38055 and 6825?
15
What is the highest common divisor of 1333 and 33067?
43
What is the greatest common divisor of 10934 and 184884?
994
What is the greatest common divisor of 58 and 95497?
29
Calculate the highest common divisor of 40146 and 36.
6
Calculate the highest common divisor of 3264 and 888.
24
Calculate the greatest common factor of 2236 and 1534.
26
What is the highest common divisor of 21267 and 223929?
1251
Calculate the greatest common divisor of 539 and 245.
49
Calculate the greatest common factor of 276 and 358708.
92
Calculate the highest common divisor of 4360 and 80.
40
What is the greatest common divisor of 154 and 1138291?
77
Calculate the highest common divisor of 570 and 14830.
10
What is the greatest common divisor of 145 and 227534?
29
What is the greatest common divisor of 1930 and 792458?
386
Calculate the greatest common factor of 2904 and 440.
88
Calculate the greatest common factor of 58421 and 31537.
517
What is the greatest common divisor of 86632 and 31892?
476
Calculate the highest common factor of 493 and 10183.
17
What is the greatest common factor of 40475 and 131139?
1619
What is the greatest common divisor of 728622 and 103?
103
What is the greatest common divisor of 335 and 627455?
335
Calculate the highest common factor of 722304 and 23826.
1254
Calculate the highest common divisor of 19233 and 9.
9
Calculate the highest common factor of 225261 and 243.
243
What is the highest common divisor of 355 and 600731?
71
Calculate the highest common divisor of 10827 and 360.
9
What is the highest common divisor of 1956 and 636?
12
Calculate the highest common divisor of 59410 and 13.
13
What is the greatest common factor of 5660 and 1300?
20
Calculate the highest common factor of 27585790 and 430.
430
Calculate the highest common factor of 81435 and 1830.
915
Calculate the highest common factor of 5 and 6715.
5
What is the highest common divisor of 2243863 and 307?
307
What is the greatest common divisor of 157 and 7?
1
What is the greatest common factor of 1348 and 500?
4
Calculate the greatest common factor of 1458 and 1446.
6
Calculate the greatest common factor of 3198 and 17862.
78
Calculate the greatest common factor of 146632 and 24.
8
Calculate the greatest common factor of 6 and 23606.
2
What is the greatest common divisor of 380 and 105488?
76
What is the highest common factor of 669347 and 7?
7
What is the highest common divisor of 281840 and 2080?
1040
What is the greatest common divisor of 9047 and 6723?
83
What is the greatest common factor of 7200 and 300540?
60
What is the greatest common divisor of 6800 and 22525?
425
Calculate the greatest common divisor of 23 and 2165151.
23
What is the greatest common factor of 2356 and 51398?
62
What is the greatest common divisor of 1176774 and 153?
51
Calculate the highest common factor of 36 and 391914.
18
Calculate the greatest common factor of 580258 and 98.
98
Calculate the highest common factor of 626 and 4381061.
313
Calculate the highest common factor of 84 and 694.
2
What is the greatest common factor of 12574300 and 100?
100
Calculate the highest common factor of 48 and 95664.
48
What is the greatest common factor of 111926 and 4393?
191
Calculate the greatest common factor of 2257 and 4453.
61
What is the highest common divisor of 312 and 16185?
39
What is the highest common factor of 918977 and 229?
229
What is the highest common divisor of 304 and 122151?
19
What is the greatest common divisor of 107508 and 2480?
124
What is the greatest common divisor of 1173416 and 4?
4
Calculate the highest common divisor of 58668 and 12.
12
Calculate the greatest common factor of 2925 and 70668.
117
Calculate the highest common divisor of 2968 and 638968.
424
What is the greatest common factor of 24 and 1294824?
24
What is the greatest common divisor of 319695 and 285?
15
What is the highest common factor of 87676 and 23?
23
Calculate the highest common factor of 300 and 285120.
60
What is the greatest common factor of 172068 and 130?
26
What is the greatest common divisor of 20688 and 400?
16
What is the highest common factor of 98 and 18718?
98
Calculate the highest common factor of 88870 and 130.
10
What is the greatest common factor of 1058 and 230?
46
What is the greatest common divisor of 6448 and 32643?
403
Calculate the highest common factor of 1922 and 19282.
62
What is the highest common factor of 998100 and 450?
450
Calculate the highest common factor of 365 and 48820.
5
Calculate the highest common factor of 54081 and 27.
27
What is the greatest common factor of 26401 and 187?
17
Calculate the greatest common divisor of 61105 and 3509.
121
Calculate the greatest common factor of 1198 and 92.
2
What is the greatest common factor of 96 and 2560?
32
Calculate the highest common divisor of 32 and 35368.
8
What is the highest common factor of 1440 and 3887640?
360
Calculate the highest common divisor of 22 and 492.
2
Calculate the highest common divisor of 654 and 70850.
218
Calculate the greatest common factor of 45300 and 44700.
300
What is the greatest common divisor of 5816 and 240?
8
Calculate the greatest common divisor of 24 and 1412.
4
What is the greatest common factor of 72 and 15831?
9
What is the highest common divisor of 37 and 1283197?
37
What is the greatest common factor of 2239292 and 88?
44
Calculate the greatest common factor of 51165 and 360.
45
Calculate the highest common factor of 72 and 22212.
36
Calculate the greatest common factor of 136 and 186184.
136
Calculate the greatest common divisor of 1169290 and 10.
10
What is the highest common divisor of 564 and 32336?
188
What is the highest common divisor of 392449 and 1808?
113
What is the highest common divisor of 7633 and 898?
449
What is the highest common divisor of 1803 and 69?
3
Calculate the highest common factor of 33 and 554631.
33
What is the highest common factor of 67 and 291383?
67
What is the greatest common divisor of 2256 and 113928?
1128
Calculate the greatest common factor of 354 and 226914.
354
Calculate the highest common factor of 65 and 15132.
13
Calculate the greatest common divisor of 2112 and 33.
33
What is the highest common divisor of 1225220 and 70?
10
Calculate the highest common factor of 306 and 7089.
51
What is the greatest common factor of 11 and 84172?
11
What is the highest common divisor of 1376 and 19651?
43
What is the greatest common factor of 56770 and 342242?
1622
What is the highest common factor of 27 and 8235?
27
Calculate the greatest common divisor of 21167 and 5899.
347
What is the highest common divisor of 55 and 797841?
11
Calculate the greatest common divisor of 197046 and 534.
534
Calculate the highest common factor of 69138 and 2070.
414
What is the highest common factor of 33636 and 264?
12
What is the highest common factor of 3080 and 1670?
10
Calculate the greatest common divisor of 5733 and 39221.
91
Calculate the greatest common divisor of 12 and 243084.
12
Calculate the greatest common factor of 4400 and 4880.
80
What is the greatest common factor of 33 and 2777973?
33
What is the greatest common divisor of 152 and 8094?
38
What is the highest common factor of 132627 and 33?
33
Calculate the highest common factor of 189 and 308889.
63
What is the highest common divisor of 1274 and 572?
26
What is the highest common factor of 16393 and 4?
1
What is the highest common factor of 64 and 59744?
32
Calculate the highest common factor of 11652 and 48.
12
Calculate the highest common divisor of 168 and 7437752.
56
What is the greatest common divisor of 915 and 488?
61
What is the highest common divisor of 2807108 and 204?
68
Calculate the greatest common factor of 3870 and 14749.
43
What is the greatest common factor of 760 and 680440?
40
What is the greatest common divisor of 313086 and 48?
6
Calculate the highest common divisor of 62555 and 45.
5
What is the highest common divisor of 34005 and 835?
5
What is the greatest common divisor of 838 and 127795?
419
Calculate the highest common factor of 48 and 107664.
48
Calculate the greatest common factor of 42788 and 7296.
76
Calculate the greatest common factor of 3197 and 1251.
139
What is the greatest common factor of 1143 and 272161?
12